{"id":104,"date":"2023-05-06T10:30:37","date_gmt":"2023-05-06T10:30:37","guid":{"rendered":"https:\/\/cbds.montes.upm.es\/?page_id=104"},"modified":"2025-04-21T07:06:24","modified_gmt":"2025-04-21T07:06:24","slug":"publicaciones","status":"publish","type":"page","link":"https:\/\/cbds.montes.upm.es\/?page_id=104","title":{"rendered":"Publicaciones"},"content":{"rendered":"\t\t<div data-elementor-type=\"wp-page\" data-elementor-id=\"104\" class=\"elementor elementor-104\" data-elementor-post-type=\"page\">\n\t\t\t\t\t\t<section class=\"elementor-section elementor-top-section elementor-element elementor-element-5f9b12b elementor-section-boxed elementor-section-height-default elementor-section-height-default\" data-id=\"5f9b12b\" data-element_type=\"section\" data-e-type=\"section\">\n\t\t\t\t\t\t<div class=\"elementor-container elementor-column-gap-default\">\n\t\t\t\t\t<div class=\"elementor-column elementor-col-100 elementor-top-column elementor-element elementor-element-afd310e\" data-id=\"afd310e\" data-element_type=\"column\" data-e-type=\"column\">\n\t\t\t<div class=\"elementor-widget-wrap elementor-element-populated\">\n\t\t\t\t\t\t<div class=\"elementor-element elementor-element-77c9470 elementor-widget elementor-widget-heading\" data-id=\"77c9470\" data-element_type=\"widget\" data-e-type=\"widget\" data-widget_type=\"heading.default\">\n\t\t\t\t<div class=\"elementor-widget-container\">\n\t\t\t\t\t<h2 class=\"elementor-heading-title elementor-size-default\">Publicaciones<\/h2>\t\t\t\t<\/div>\n\t\t\t\t<\/div>\n\t\t\t\t\t<\/div>\n\t\t<\/div>\n\t\t\t\t\t<\/div>\n\t\t<\/section>\n\t\t\t\t<section class=\"elementor-section elementor-top-section elementor-element elementor-element-83286e4 elementor-section-boxed elementor-section-height-default elementor-section-height-default\" data-id=\"83286e4\" data-element_type=\"section\" data-e-type=\"section\">\n\t\t\t\t\t\t<div class=\"elementor-container elementor-column-gap-default\">\n\t\t\t\t\t<div class=\"elementor-column elementor-col-100 elementor-top-column elementor-element elementor-element-21b1d67\" data-id=\"21b1d67\" data-element_type=\"column\" data-e-type=\"column\">\n\t\t\t<div class=\"elementor-widget-wrap elementor-element-populated\">\n\t\t\t\t\t\t<div class=\"elementor-element elementor-element-99be087 premium-blog-align-left elementor-widget elementor-widget-premium-addon-blog\" data-id=\"99be087\" data-element_type=\"widget\" data-e-type=\"widget\" data-settings=\"{&quot;premium_blog_columns_number&quot;:&quot;100%&quot;,&quot;premium_blog_infinite_scroll&quot;:&quot;yes&quot;,&quot;premium_blog_grid&quot;:&quot;yes&quot;,&quot;premium_blog_layout&quot;:&quot;even&quot;,&quot;premium_blog_columns_number_tablet&quot;:&quot;50%&quot;,&quot;premium_blog_columns_number_mobile&quot;:&quot;100%&quot;}\" data-widget_type=\"premium-addon-blog.default\">\n\t\t\t\t<div class=\"elementor-widget-container\">\n\t\t\t\t\t\r\n\t\t\t\t<div class=\"premium-blog-wrap  premium-blog-even\" data-page=\"104\">\r\n\t\t\t\t\t<div class=\"premium-blog-post-outer-container\" data-total=\"6\">\r\n\t\t\t<div class=\"premium-blog-post-container premium-blog-skin-side\">\r\n\t\t\t\t\t\t\t\t\t<div class=\"premium-blog-thumb-effect-wrapper\">\r\n\t\t\t\t\t\t<div class=\"premium-blog-thumbnail-container premium-blog-zoomin-effect\">\r\n\t\t\t\t\t\t\t<img fetchpriority=\"high\" decoding=\"async\" width=\"2560\" height=\"1920\" src=\"https:\/\/cbds.montes.upm.es\/wp-content\/uploads\/2026\/04\/OsoTemperaturas-scaled.jpg\" class=\"attachment-full size-full wp-image-2583\" alt=\"\" srcset=\"https:\/\/cbds.montes.upm.es\/wp-content\/uploads\/2026\/04\/OsoTemperaturas-scaled.jpg 2560w, https:\/\/cbds.montes.upm.es\/wp-content\/uploads\/2026\/04\/OsoTemperaturas-300x225.jpg 300w, https:\/\/cbds.montes.upm.es\/wp-content\/uploads\/2026\/04\/OsoTemperaturas-1024x768.jpg 1024w, https:\/\/cbds.montes.upm.es\/wp-content\/uploads\/2026\/04\/OsoTemperaturas-768x576.jpg 768w, https:\/\/cbds.montes.upm.es\/wp-content\/uploads\/2026\/04\/OsoTemperaturas-1536x1152.jpg 1536w, https:\/\/cbds.montes.upm.es\/wp-content\/uploads\/2026\/04\/OsoTemperaturas-2048x1536.jpg 2048w\" sizes=\"(max-width: 2560px) 100vw, 2560px\" \/>\t\t\t\t\t\t<\/div>\r\n\t\t\t\t\t\t\t\t\t\t\t\t\t<div class=\"premium-blog-thumbnail-overlay\">\r\n\t\t\t\t\t\t\t\t<a class=\"elementor-icon\" href=\"https:\/\/cbds.montes.upm.es\/?p=2581\" target=\"_blank\" aria-hidden=\"true\"><span>Bearing the heat: Forest cover and human disturbance mediate brown bear behavior under thermal stress<\/span><\/a>\r\n\t\t\t\t\t\t\t<\/div>\r\n\r\n\t\t\t\t\t\t\t\t\t\t\t\t\t\t\t\t\t\t<\/div>\r\n\t\t\t\t\t\t\t\t\t\t\t\t<div class=\"premium-blog-content-wrapper \">\r\n\r\n\t\t\t\t\t<div class=\"premium-blog-inner-container\">\r\n\r\n\t\t\t\t\t\t\t\t\t\t\t\t\t<div class=\"premium-blog-cats-container\">\r\n\t\t\t\t\t\t\t\t<ul class=\"post-categories\">\r\n\t\t\t\t\t\t\t\t\t<li><a href=\"https:\/\/cbds.montes.upm.es\/?cat=9\" class=\"elementor-repeater-item-43d87b5\">Art\u00edculos<\/a><\/li>\t\t\t\t\t\t\t\t<\/ul>\r\n\t\t\t\t\t\t\t<\/div>\r\n\t\t\t\t\t\t\t\t\t\t\t\t\t\t<h2 class=\"premium-blog-entry-title\">\r\n\t\t\t<a href=\"https:\/\/cbds.montes.upm.es\/?p=2581\" target=\"_blank\">\r\n\t\t\t\tBearing the heat: Forest cover and human disturbance mediate brown bear behavior under thermal stress\t\t\t<\/a>\r\n\t\t<\/h2>\r\n\t\t\t\t<div class=\"premium-blog-entry-meta\">\r\n\t\t\t\r\n\t\t\t\t\t\t\t<span class=\"premium-blog-meta-separator\">\u2022<\/span>\r\n\t\t\t\t<div class=\"premium-blog-post-time premium-blog-meta-data\">\r\n\t\t\t\t\t<i class=\"fa fa-calendar-alt\" aria-hidden=\"true\"><\/i>\r\n\t\t\t\t\t<span>10 de abril de 2026<\/span>\r\n\t\t\t\t<\/div>\r\n\t\t\t\r\n\t\t\t\r\n\t\t\t\t\t<\/div>\r\n\t\t\r\n\t\t\t\t\t<\/div>\r\n\r\n\t\t\t\t\t\t\t<div class=\"premium-blog-content-inner-wrapper\">\r\n\t\t<p class=\"premium-blog-post-content\">Autores: Cisneros-Araujo, P., Cubero, D., Pinto, D., Salinas, P., Jim\u00e9nez, F., Garc\u00eda, J., Mart\u00edn, R., Salvador, V., Alonso, C., Gambra, D., Garc\u00eda-Vi\u00f1as, \u2026<\/p>\t\t<\/div>\r\n\t\t\t\t\t\t\t\r\n\t\t\t\t<\/div>\r\n\t\t\t<\/div>\r\n\t\t<\/div>\r\n\r\n\t\t\t\t<div class=\"premium-blog-post-outer-container\" data-total=\"6\">\r\n\t\t\t<div class=\"premium-blog-post-container premium-blog-skin-side\">\r\n\t\t\t\t\t\t\t\t\t<div class=\"premium-blog-thumb-effect-wrapper\">\r\n\t\t\t\t\t\t<div class=\"premium-blog-thumbnail-container premium-blog-zoomin-effect\">\r\n\t\t\t\t\t\t\t<img decoding=\"async\" width=\"1872\" height=\"2052\" src=\"https:\/\/cbds.montes.upm.es\/wp-content\/uploads\/2026\/04\/Figura_CBDS.jpg\" class=\"attachment-full size-full wp-image-2573\" alt=\"\" srcset=\"https:\/\/cbds.montes.upm.es\/wp-content\/uploads\/2026\/04\/Figura_CBDS.jpg 1872w, https:\/\/cbds.montes.upm.es\/wp-content\/uploads\/2026\/04\/Figura_CBDS-274x300.jpg 274w, https:\/\/cbds.montes.upm.es\/wp-content\/uploads\/2026\/04\/Figura_CBDS-934x1024.jpg 934w, https:\/\/cbds.montes.upm.es\/wp-content\/uploads\/2026\/04\/Figura_CBDS-768x842.jpg 768w, https:\/\/cbds.montes.upm.es\/wp-content\/uploads\/2026\/04\/Figura_CBDS-1401x1536.jpg 1401w, https:\/\/cbds.montes.upm.es\/wp-content\/uploads\/2026\/04\/Figura_CBDS-1868x2048.jpg 1868w\" sizes=\"(max-width: 1872px) 100vw, 1872px\" \/>\t\t\t\t\t\t<\/div>\r\n\t\t\t\t\t\t\t\t\t\t\t\t\t<div class=\"premium-blog-thumbnail-overlay\">\r\n\t\t\t\t\t\t\t\t<a class=\"elementor-icon\" href=\"https:\/\/cbds.montes.upm.es\/?p=2549\" target=\"_blank\" aria-hidden=\"true\"><span>A hidden Markov framework for joint identification of animal activity modes and movement phases<\/span><\/a>\r\n\t\t\t\t\t\t\t<\/div>\r\n\r\n\t\t\t\t\t\t\t\t\t\t\t\t\t\t\t\t\t\t<\/div>\r\n\t\t\t\t\t\t\t\t\t\t\t\t<div class=\"premium-blog-content-wrapper \">\r\n\r\n\t\t\t\t\t<div class=\"premium-blog-inner-container\">\r\n\r\n\t\t\t\t\t\t\t\t\t\t\t\t\t<div class=\"premium-blog-cats-container\">\r\n\t\t\t\t\t\t\t\t<ul class=\"post-categories\">\r\n\t\t\t\t\t\t\t\t\t<li><a href=\"https:\/\/cbds.montes.upm.es\/?cat=9\" class=\"elementor-repeater-item-43d87b5\">Art\u00edculos<\/a><\/li>\t\t\t\t\t\t\t\t<\/ul>\r\n\t\t\t\t\t\t\t<\/div>\r\n\t\t\t\t\t\t\t\t\t\t\t\t\t\t<h2 class=\"premium-blog-entry-title\">\r\n\t\t\t<a href=\"https:\/\/cbds.montes.upm.es\/?p=2549\" target=\"_blank\">\r\n\t\t\t\tA hidden Markov framework for joint identification of animal activity modes and movement phases\t\t\t<\/a>\r\n\t\t<\/h2>\r\n\t\t\t\t<div class=\"premium-blog-entry-meta\">\r\n\t\t\t\r\n\t\t\t\t\t\t\t<span class=\"premium-blog-meta-separator\">\u2022<\/span>\r\n\t\t\t\t<div class=\"premium-blog-post-time premium-blog-meta-data\">\r\n\t\t\t\t\t<i class=\"fa fa-calendar-alt\" aria-hidden=\"true\"><\/i>\r\n\t\t\t\t\t<span>23 de marzo de 2026<\/span>\r\n\t\t\t\t<\/div>\r\n\t\t\t\r\n\t\t\t\r\n\t\t\t\t\t<\/div>\r\n\t\t\r\n\t\t\t\t\t<\/div>\r\n\r\n\t\t\t\t\t\t\t<div class=\"premium-blog-content-inner-wrapper\">\r\n\t\t<p class=\"premium-blog-post-content\">Autores: Pablo Cisneros-Araujo, Aitor Gast\u00f3n, David Cubero, Daniel Pinto, Santiago Saura &amp;\u00a0\u00d3scar Rodr\u00edguez de Rivera\u00a0 Publicaci\u00f3n: Landscape Ecology. 2026. Enlace DOI: https:\/\/doi.org\/10.1007\/s10980-026-02304-3 \u2026<\/p>\t\t<\/div>\r\n\t\t\t\t\t\t\t\r\n\t\t\t\t<\/div>\r\n\t\t\t<\/div>\r\n\t\t<\/div>\r\n\r\n\t\t\t\t<div class=\"premium-blog-post-outer-container\" data-total=\"6\">\r\n\t\t\t<div class=\"premium-blog-post-container premium-blog-skin-side\">\r\n\t\t\t\t\t\t\t\t\t<div class=\"premium-blog-thumb-effect-wrapper\">\r\n\t\t\t\t\t\t<div class=\"premium-blog-thumbnail-container premium-blog-zoomin-effect\">\r\n\t\t\t\t\t\t\t<img decoding=\"async\" width=\"1280\" height=\"720\" src=\"https:\/\/cbds.montes.upm.es\/wp-content\/uploads\/2026\/03\/White-Faced-Capuchins-Cebus-imitator-Under-Contrasting-Ecotourism-Pressures.jpg\" class=\"attachment-full size-full wp-image-2543\" alt=\"\" srcset=\"https:\/\/cbds.montes.upm.es\/wp-content\/uploads\/2026\/03\/White-Faced-Capuchins-Cebus-imitator-Under-Contrasting-Ecotourism-Pressures.jpg 1280w, https:\/\/cbds.montes.upm.es\/wp-content\/uploads\/2026\/03\/White-Faced-Capuchins-Cebus-imitator-Under-Contrasting-Ecotourism-Pressures-300x169.jpg 300w, https:\/\/cbds.montes.upm.es\/wp-content\/uploads\/2026\/03\/White-Faced-Capuchins-Cebus-imitator-Under-Contrasting-Ecotourism-Pressures-1024x576.jpg 1024w, https:\/\/cbds.montes.upm.es\/wp-content\/uploads\/2026\/03\/White-Faced-Capuchins-Cebus-imitator-Under-Contrasting-Ecotourism-Pressures-768x432.jpg 768w\" sizes=\"(max-width: 1280px) 100vw, 1280px\" \/>\t\t\t\t\t\t<\/div>\r\n\t\t\t\t\t\t\t\t\t\t\t\t\t<div class=\"premium-blog-thumbnail-overlay\">\r\n\t\t\t\t\t\t\t\t<a class=\"elementor-icon\" href=\"https:\/\/cbds.montes.upm.es\/?p=2540\" target=\"_blank\" aria-hidden=\"true\"><span>Behavioural Patterns and Responses of White-Faced Capuchins (Cebus imitator) Under Contrasting Ecotourism Pressures in Tortuguero National Park: Preliminary Findings and Management Implications<\/span><\/a>\r\n\t\t\t\t\t\t\t<\/div>\r\n\r\n\t\t\t\t\t\t\t\t\t\t\t\t\t\t\t\t\t\t<\/div>\r\n\t\t\t\t\t\t\t\t\t\t\t\t<div class=\"premium-blog-content-wrapper \">\r\n\r\n\t\t\t\t\t<div class=\"premium-blog-inner-container\">\r\n\r\n\t\t\t\t\t\t\t\t\t\t\t\t\t<div class=\"premium-blog-cats-container\">\r\n\t\t\t\t\t\t\t\t<ul class=\"post-categories\">\r\n\t\t\t\t\t\t\t\t\t<li><a href=\"https:\/\/cbds.montes.upm.es\/?cat=9\" class=\"elementor-repeater-item-43d87b5\">Art\u00edculos<\/a><\/li>\t\t\t\t\t\t\t\t<\/ul>\r\n\t\t\t\t\t\t\t<\/div>\r\n\t\t\t\t\t\t\t\t\t\t\t\t\t\t<h2 class=\"premium-blog-entry-title\">\r\n\t\t\t<a href=\"https:\/\/cbds.montes.upm.es\/?p=2540\" target=\"_blank\">\r\n\t\t\t\tBehavioural Patterns and Responses of White-Faced Capuchins (Cebus imitator) Under Contrasting Ecotourism Pressures in Tortuguero National Park: Preliminary Findings and Management Implications\t\t\t<\/a>\r\n\t\t<\/h2>\r\n\t\t\t\t<div class=\"premium-blog-entry-meta\">\r\n\t\t\t\r\n\t\t\t\t\t\t\t<span class=\"premium-blog-meta-separator\">\u2022<\/span>\r\n\t\t\t\t<div class=\"premium-blog-post-time premium-blog-meta-data\">\r\n\t\t\t\t\t<i class=\"fa fa-calendar-alt\" aria-hidden=\"true\"><\/i>\r\n\t\t\t\t\t<span>23 de marzo de 2026<\/span>\r\n\t\t\t\t<\/div>\r\n\t\t\t\r\n\t\t\t\r\n\t\t\t\t\t<\/div>\r\n\t\t\r\n\t\t\t\t\t<\/div>\r\n\r\n\t\t\t\t\t\t\t<div class=\"premium-blog-content-inner-wrapper\">\r\n\t\t<p class=\"premium-blog-post-content\">Autores: Janire S\u00e1nchez, \u00c1lvaro Francisco Gil and Carlos Calder\u00f3n-Guerrero Publicaci\u00f3n: Diversity. 2026, 18(3), 169 Enlace DOI: https:\/\/doi.org\/10.3390\/d18030169 Resumen:\u00a0 Ecotourism in protected areas \u2026<\/p>\t\t<\/div>\r\n\t\t\t\t\t\t\t\r\n\t\t\t\t<\/div>\r\n\t\t\t<\/div>\r\n\t\t<\/div>\r\n\r\n\t\t\t\t<div class=\"premium-blog-post-outer-container\" data-total=\"6\">\r\n\t\t\t<div class=\"premium-blog-post-container premium-blog-skin-side\">\r\n\t\t\t\t\t\t\t\t\t<div class=\"premium-blog-thumb-effect-wrapper\">\r\n\t\t\t\t\t\t<div class=\"premium-blog-thumbnail-container premium-blog-zoomin-effect\">\r\n\t\t\t\t\t\t\t<img loading=\"lazy\" decoding=\"async\" width=\"300\" height=\"150\" src=\"https:\/\/cbds.montes.upm.es\/wp-content\/uploads\/2026\/02\/Castanes_ResisttoPc-e1770481546406.png\" class=\"attachment-full size-full wp-image-2431\" alt=\"\" \/>\t\t\t\t\t\t<\/div>\r\n\t\t\t\t\t\t\t\t\t\t\t\t\t<div class=\"premium-blog-thumbnail-overlay\">\r\n\t\t\t\t\t\t\t\t<a class=\"elementor-icon\" href=\"https:\/\/cbds.montes.upm.es\/?p=2429\" target=\"_blank\" aria-hidden=\"true\"><span>Overexpression of ginkbilobin-2 homologous domain gene to enhance the tolerance to Phytophthora cinnamomi in plants of European chestnut<\/span><\/a>\r\n\t\t\t\t\t\t\t<\/div>\r\n\r\n\t\t\t\t\t\t\t\t\t\t\t\t\t\t\t\t\t\t<\/div>\r\n\t\t\t\t\t\t\t\t\t\t\t\t<div class=\"premium-blog-content-wrapper \">\r\n\r\n\t\t\t\t\t<div class=\"premium-blog-inner-container\">\r\n\r\n\t\t\t\t\t\t\t\t\t\t\t\t\t<div class=\"premium-blog-cats-container\">\r\n\t\t\t\t\t\t\t\t<ul class=\"post-categories\">\r\n\t\t\t\t\t\t\t\t\t<li><a href=\"https:\/\/cbds.montes.upm.es\/?cat=9\" class=\"elementor-repeater-item-43d87b5\">Art\u00edculos<\/a><\/li>\t\t\t\t\t\t\t\t<\/ul>\r\n\t\t\t\t\t\t\t<\/div>\r\n\t\t\t\t\t\t\t\t\t\t\t\t\t\t<h2 class=\"premium-blog-entry-title\">\r\n\t\t\t<a href=\"https:\/\/cbds.montes.upm.es\/?p=2429\" target=\"_blank\">\r\n\t\t\t\tOverexpression of ginkbilobin-2 homologous domain gene to enhance the tolerance to Phytophthora cinnamomi in plants of European chestnut\t\t\t<\/a>\r\n\t\t<\/h2>\r\n\t\t\t\t<div class=\"premium-blog-entry-meta\">\r\n\t\t\t\r\n\t\t\t\t\t\t\t<span class=\"premium-blog-meta-separator\">\u2022<\/span>\r\n\t\t\t\t<div class=\"premium-blog-post-time premium-blog-meta-data\">\r\n\t\t\t\t\t<i class=\"fa fa-calendar-alt\" aria-hidden=\"true\"><\/i>\r\n\t\t\t\t\t<span>7 de febrero de 2026<\/span>\r\n\t\t\t\t<\/div>\r\n\t\t\t\r\n\t\t\t\r\n\t\t\t\t\t<\/div>\r\n\t\t\r\n\t\t\t\t\t<\/div>\r\n\r\n\t\t\t\t\t\t\t<div class=\"premium-blog-content-inner-wrapper\">\r\n\t\t<p class=\"premium-blog-post-content\">Autores: Susana Serrazina, M\u00aa Teresa Mart\u00ednez, Silvia Valladares, Luc\u00eda Del Castillo-Gonz\u00e1lez, Marcelo Francisco, Marta Berrocal-Lobo, Eduardo Pi\u00f1as, Pablo Pi\u00f1eiro, Rui Malh\u00f3, Rita \u2026<\/p>\t\t<\/div>\r\n\t\t\t\t\t\t\t\r\n\t\t\t\t<\/div>\r\n\t\t\t<\/div>\r\n\t\t<\/div>\r\n\r\n\t\t\t\t<div class=\"premium-blog-post-outer-container\" data-total=\"6\">\r\n\t\t\t<div class=\"premium-blog-post-container premium-blog-skin-side\">\r\n\t\t\t\t\t\t\t\t\t<div class=\"premium-blog-thumb-effect-wrapper\">\r\n\t\t\t\t\t\t<div class=\"premium-blog-thumbnail-container premium-blog-zoomin-effect\">\r\n\t\t\t\t\t\t\t<img loading=\"lazy\" decoding=\"async\" width=\"1578\" height=\"543\" src=\"https:\/\/cbds.montes.upm.es\/wp-content\/uploads\/2026\/01\/Image3.jpg\" class=\"attachment-full size-full wp-image-2380\" alt=\"\" srcset=\"https:\/\/cbds.montes.upm.es\/wp-content\/uploads\/2026\/01\/Image3.jpg 1578w, https:\/\/cbds.montes.upm.es\/wp-content\/uploads\/2026\/01\/Image3-300x103.jpg 300w, https:\/\/cbds.montes.upm.es\/wp-content\/uploads\/2026\/01\/Image3-1024x352.jpg 1024w, https:\/\/cbds.montes.upm.es\/wp-content\/uploads\/2026\/01\/Image3-768x264.jpg 768w, https:\/\/cbds.montes.upm.es\/wp-content\/uploads\/2026\/01\/Image3-1536x529.jpg 1536w\" sizes=\"(max-width: 1578px) 100vw, 1578px\" \/>\t\t\t\t\t\t<\/div>\r\n\t\t\t\t\t\t\t\t\t\t\t\t\t<div class=\"premium-blog-thumbnail-overlay\">\r\n\t\t\t\t\t\t\t\t<a class=\"elementor-icon\" href=\"https:\/\/cbds.montes.upm.es\/?p=2387\" target=\"_blank\" aria-hidden=\"true\"><span>Membrane-associated DELLA degradation modulates growth under carbon\/nitrogen imbalance<\/span><\/a>\r\n\t\t\t\t\t\t\t<\/div>\r\n\r\n\t\t\t\t\t\t\t\t\t\t\t\t\t\t\t\t\t\t<\/div>\r\n\t\t\t\t\t\t\t\t\t\t\t\t<div class=\"premium-blog-content-wrapper \">\r\n\r\n\t\t\t\t\t<div class=\"premium-blog-inner-container\">\r\n\r\n\t\t\t\t\t\t\t\t\t\t\t\t\t<div class=\"premium-blog-cats-container\">\r\n\t\t\t\t\t\t\t\t<ul class=\"post-categories\">\r\n\t\t\t\t\t\t\t\t\t<li><a href=\"https:\/\/cbds.montes.upm.es\/?cat=9\" class=\"elementor-repeater-item-43d87b5\">Art\u00edculos<\/a><\/li>\t\t\t\t\t\t\t\t<\/ul>\r\n\t\t\t\t\t\t\t<\/div>\r\n\t\t\t\t\t\t\t\t\t\t\t\t\t\t<h2 class=\"premium-blog-entry-title\">\r\n\t\t\t<a href=\"https:\/\/cbds.montes.upm.es\/?p=2387\" target=\"_blank\">\r\n\t\t\t\tMembrane-associated DELLA degradation modulates growth under carbon\/nitrogen imbalance\t\t\t<\/a>\r\n\t\t<\/h2>\r\n\t\t\t\t<div class=\"premium-blog-entry-meta\">\r\n\t\t\t\r\n\t\t\t\t\t\t\t<span class=\"premium-blog-meta-separator\">\u2022<\/span>\r\n\t\t\t\t<div class=\"premium-blog-post-time premium-blog-meta-data\">\r\n\t\t\t\t\t<i class=\"fa fa-calendar-alt\" aria-hidden=\"true\"><\/i>\r\n\t\t\t\t\t<span>25 de enero de 2026<\/span>\r\n\t\t\t\t<\/div>\r\n\t\t\t\r\n\t\t\t\r\n\t\t\t\t\t<\/div>\r\n\t\t\r\n\t\t\t\t\t<\/div>\r\n\r\n\t\t\t\t\t\t\t<div class=\"premium-blog-content-inner-wrapper\">\r\n\t\t<p class=\"premium-blog-post-content\">Autores: Gerardo Carrera-Casta\u00f1o, Iris Fa\u00f1an\u00e1s-Pueyo, Laura Celada-Bustillos, Juli\u00e1n Calleja-Cabrera, H\u00e9ctor Molinelli-Rubiato, \u00c1ngela Contreras, Jan Eric Maika, R\u00fcdiger Simon, M\u00f3nica Pernas, Luis G\u00f3mez, \u2026<\/p>\t\t<\/div>\r\n\t\t\t\t\t\t\t\r\n\t\t\t\t<\/div>\r\n\t\t\t<\/div>\r\n\t\t<\/div>\r\n\r\n\t\t\t\t<\/div>\r\n\r\n\t\t\t\t\t\t<\/div>\n\t\t\t\t<\/div>\n\t\t\t\t\t<\/div>\n\t\t<\/div>\n\t\t\t\t\t<\/div>\n\t\t<\/section>\n\t\t\t\t<\/div>\n\t\t","protected":false},"excerpt":{"rendered":"<p>Publicaciones Overexpression of Ginkbilobin-2 homologous domain gene improves tolerance to Phytophthora cinnamomi in somatic embryos of Quercus suber Art\u00edculos Overexpression of Ginkbilobin-2 homologous domain gene improves tolerance to Phytophthora cinnamomi in somatic embryos of Quercus suber \u2022 26 de febrero de 2025 Autores: Susana Serrazina, M\u00aaTeresa Mart\u00ednez, Serine Soudani, Gon\u00e7lo Candeias, Marta Berrocal-Lobo, Pablo Pi\u00f1eiro, [&hellip;]<\/p>\n","protected":false},"author":1,"featured_media":0,"parent":0,"menu_order":0,"comment_status":"closed","ping_status":"closed","template":"","meta":{"footnotes":""},"class_list":["post-104","page","type-page","status-publish","hentry"],"_links":{"self":[{"href":"https:\/\/cbds.montes.upm.es\/index.php?rest_route=\/wp\/v2\/pages\/104","targetHints":{"allow":["GET"]}}],"collection":[{"href":"https:\/\/cbds.montes.upm.es\/index.php?rest_route=\/wp\/v2\/pages"}],"about":[{"href":"https:\/\/cbds.montes.upm.es\/index.php?rest_route=\/wp\/v2\/types\/page"}],"author":[{"embeddable":true,"href":"https:\/\/cbds.montes.upm.es\/index.php?rest_route=\/wp\/v2\/users\/1"}],"replies":[{"embeddable":true,"href":"https:\/\/cbds.montes.upm.es\/index.php?rest_route=%2Fwp%2Fv2%2Fcomments&post=104"}],"version-history":[{"count":25,"href":"https:\/\/cbds.montes.upm.es\/index.php?rest_route=\/wp\/v2\/pages\/104\/revisions"}],"predecessor-version":[{"id":1751,"href":"https:\/\/cbds.montes.upm.es\/index.php?rest_route=\/wp\/v2\/pages\/104\/revisions\/1751"}],"wp:attachment":[{"href":"https:\/\/cbds.montes.upm.es\/index.php?rest_route=%2Fwp%2Fv2%2Fmedia&parent=104"}],"curies":[{"name":"wp","href":"https:\/\/api.w.org\/{rel}","templated":true}]}}